- 5*q + v, 0 = -5*a + q - 30. What is x(a)?
18
Let c(h) = 3*h**2 - 2*h - 3. Suppose 5*n = -2*b + 8, 14*b + 4*n - 5 = 11*b. Determine c(b).
2
Let f(d) = 7*d**3 - 11*d**2 - 8*d + 7. Let a(q) = 6*q**3 - 10*q**2 - 8*q + 7. Let y(b) = 6*a(b) - 5*f(b). Let g be 9/((-1)/6*27/(-3)). Calculate y(g).
-5
Let j be 2/4 + (-20)/8 - 13. Let d be ((-6)/(-15))/((2 - 3)/j). Let i(x) = -2*x + 6. What is i(d)?
-6
Let g(f) = -f + 12. Suppose -36 = 7*z - 11*z. What is g(z)?
3
Let q(h) = -37*h + 105. Let u(p) = 12*p - 37. Let b(z) = 6*q(z) + 17*u(z). What is b(2)?
-35
Suppose 0 = -14*k - 37 - 89. Let g(c) = -2*c - 9. Determine g(k).
9
Let b(w) be the third derivative of -w**6/120 - 2*w**5/15 - w**4/12 - w**3/3 - 4*w**2 + 91*w. What is b(-8)?
14
Let u(b) = -b**2 + 6*b. Let j = 76 - 71. Suppose 15 + 20 = j*m. What is u(m)?
-7
Let u(k) be the first derivative of k**5/60 + k**4/12 + k**3/3 - 2*k**2 - 13. Let y(l) be the second derivative of u(l). Determine y(-2).
2
Let w be (-4)/(3 + -1) + 15. Let b(v) = -4 - w*v + 3*v + v**2 + v. Determine b(6).
-22
Let b(u) = 2*u - 4. Let s(f) = -f. Let w(d) = -b(d) - 4*s(d). Suppose -11 = -5*q + 9. Determine w(q).
12
Let t(i) = i**2 - 6*i - 7. Let x be (-8)/6 + (-3 - 251/3). Let y = x + 95. Give t(y).
0
Let s(i) = i**3 - 12*i**2 + 2*i + 3. Let f(c) = -10*c**2 + 2*c + 3. Let d(l) = -5*f(l) + 4*s(l). Give d(-2).
-23
Suppose -2*g + 4*g = 4*b - 2, 0 = 2*b + 2*g - 16. Let u = 21 - 10. Let c(a) = -10*a + 3*a + 3*a**2 + u*a - a**3 - 4. Determine c(b).
8
Let s(n) = -3*n - 135 + 73 + 51. What is s(-9)?
16
Let j(d) be the second derivative of -d**3/2 - 15*d**2/2 - 2*d + 65. What is j(-4)?
-3
Let q(z) = z**3 - 2*z**2 - 4*z + 2. Let x be q(3). Suppose -12 = -o - 5*k, -2*o - 3*k = -5*o. Let r(i) = -3*i + 2*i**o + i - 5*i**2 + 0 - 1. Determine r(x).
-2
Let z be 1/(3/(-2))*-9. Suppose q + 0 = z. Let p(v) = -13*v**2 + 7 - 12*v**2 - 4*v**2 + 30*v**2 - 2 - 6*v. Give p(q).
5
Suppose -38 = 9*a + 97. Let i = 13 + a. Let h(r) = -r**2 - 4 - 2 - 3*r + 3. Give h(i).
-1
Let c(x) = 3*x**2 - 29*x + 53. Let d(q) = q**2 - 10*q + 17. Let b(k) = 2*c(k) - 7*d(k). What is b(10)?
7
Suppose -4*g + 4*u - 4 = 0, -6*u - 7 = -g - u. Let o(j) = j**3 + 4*j**2 - 5*j - 13. Let d(y) = -y**2 - y - 1. Let s(x) = g*d(x) + o(x). What is s(-7)?
4
Suppose 8*d + 90 = 194. Let h(v) = v**3 - 14*v**2 + 12*v + 16. Give h(d).
3
Let h(m) = m**2 - 2*m - 4. Let a(x) = 35*x**2 + 3*x - 1. Let c be a(1). Suppose -77 = -4*q - 5*k, q + k - c = -q. Let d = q + -14. Calculate h(d).
4
Let h(x) = 12*x**2 + 9*x + 38. Let v(c) = -17*c**2 - 14*c - 57. Let a(b) = -7*h(b) - 5*v(b). Give a(-5).
9
Let j(a) = a - 1. Let f(k) = k**2 + 4*k. Let c(u) = f(u) - 6*j(u). Let x be (6 + -5)/((-42)/24) + (-64)/(-14). Determine c(x).
14
Let p(h) be the first derivative of -h**3/3 - 7*h**2/2 - 6*h + 6. Calculate p(-5).
4
Let b(y) = 14*y - 11. Let o(i) = -3*i + 2. Let a(u) = 2*b(u) + 11*o(u). Let j(t) = -6*t. Let m be j(1). Let n = 5 + m. Calculate a(n).
5
Let h(n) = -13*n**2 + n. Let f(c) = -15*c**2 + c. Let d(m) = -6*f(m) + 7*h(m). Suppose 0 = -4*s + 2*s + 6. What is d(s)?
-6
Let l(i) be the first derivative of -i**3/3 - i + 83. Calculate l(-3).
-10
Let o(m) be the second derivative of -m**6/120 - m**5/10 + m**4/3 + 5*m**3/6 + m**2/2 - 4*m. Let g(n) be the first derivative of o(n). Give g(-7).
-2
Let y(t) = -1. Suppose -h - 4*h - 75 = 0. Let p(g) = -3*g + 12. Let b(w) = h*y(w) - p(w). What is b(-2)?
-3
Let l(c) = 2*c**3 - c**2 + 3*c - 2. Let g be (-1)/(11/(0 - 11)). Calculate l(g).
2
Let v(c) = c + 6. Let u(i) = -i - 3. Let b(k) = -5*u(k) - 4*v(k). Give b(8).
-1
Let z(k) be the second derivative of -5*k**3/6 - 3*k**2/2 + k - 40. Suppose 0 = -2*u + 3*i + 1, 2*u = -4*i + i - 17. Determine z(u).
17
Suppose -3*f + 3*g = 34 - 10, -f + 5*g = 20. Let d(u) = -u + 12. What is d(f)?
17
Suppose 0 = h - 7 - 3. Suppose -h - 112 = 2*k - d, -3*d = -6. Let l be (-1 - 0)/((-15)/k). Let z(c) = -c**3 - 4*c**2 - 3*c - 5. What is z(l)?
7
Let s(a) = 22*a**3 + 6*a**2 + 10*a - 5. Let h(z) = 23*z**3 + 7*z**2 + 12*z - 6. Let v(w) = -6*h(w) + 7*s(w). Determine v(1).
15
Let i = -7 - -19. Let m be 20/8*i/15. Suppose 0 = -m*u + 1 + 3. Let x(w) = w**3 - w**2 - 3*w + 1. What is x(u)?
-1
Let j(f) = -4*f - 4*f**2 - 16*f + f**3 + 23*f - 4. Give j(4).
8
Let x(i) = -17*i - 13*i + 25*i - i**2 + 1. Give x(-3).
7
Let z(d) = 0 + 35*d + 12*d**3 - 1 - 34*d. Let k(n) = n**2 + 8*n + 8. Let j be k(-8). Suppose 3*g = -5*t + j, -g + 2*t = -2*t + 3. Calculate z(g).
12
Suppose -108 + 33 = -3*v. Suppose -2*w = -31 - v. Suppose -4*f - w = -20. Let z(d) = 4*d + 1. Determine z(f).
-7
Let s(r) be the first derivative of 9*r**2 - 3*r - 409. Give s(1).
15
Let h = 72 - 67. Suppose -2*b - 21 = -h*w, b - 12 = -9*w + 4*w. Let q(d) = -d**2 + d + 1. Give q(w).
-5
Let u(x) be the first derivative of 3*x**2/2 + 7*x - 18. Determine u(-5).
-8
Suppose 13*g - 7 = -20. Let f(u) be the first derivative of -u**5/4 + u**4/6 + u**3/6 + 2*u + 1. Let b(w) be the first derivative of f(w). Calculate b(g).
6
Let s = -871 + 869. Let d(w) be the first derivative of -w**3/3 - 3*w**2/2 - 3*w + 1. Determine d(s).
-1
Suppose 67*c - 6 = 64*c. Let l(n) be the first derivative of -2*n - 1/2*n**c + 3. Give l(4).
-6
Let p(c) = c**2 - 8*c + 9. Suppose -5*f + 19 - 9 = 0. Suppose -u = f*a - 14, 4*u = -0*u + 3*a + 23. Give p(u).
9
Suppose 3*l + i = 5*i + 41, l + i - 2 = 0. Let x(q) = 2 - 5*q**2 - l*q + 27*q**3 + 2 + 16*q - 28*q**3. Give x(-6).
-14
Suppose 2*g + 16 = 2. Let m(b) = 348*b**2 + 2 - 349*b**2 + 65*b - 71*b. Determine m(g).
-5
Suppose -5*a = 4*w - 51, 3*a - w = 17 - 0. Let u(p) = -5*p**2 + 5*p + a*p**3 + 2*p**2 - 3*p**2 - 6*p**3 + 3. Calculate u(4).
-9
Let l(c) = c**2 - 3*c - 8. Let b be 6/(-8) - 2575/(-100). Suppose -b = -5*n + 5. Calculate l(n).
10
Let t(j) = 10*j - 5. Let a(n) = -16*n - 14*n - 6*n + 5*n + 14. Let r(i) = -4*a(i) - 11*t(i). Give r(-1).
-15
Suppose -2*f + 10 = -2*c, -5*f + 2*f - 4*c = 6. Let v(z) = 8*z + 1. Let j(u) = 7*u + 1. Let b(l) = 6*j(l) - 5*v(l). What is b(f)?
5
Let h(g) = 5*g + 17. Let x be -6*(29/(-3) - -10). Give h(x).
7
Let y be 9 - (10 + (-11 - -3)). Let c(q) = -q**3 + 8*q**2 - 5*q - 7. Calculate c(y).
7
Let c(l) = -l + 2. Let m be c(4). Let g(x) = x**2 + 8*x + 6. Let s(d) = -6*d**2 - 41*d - 31. Let i(h) = m*s(h) - 11*g(h). Let p = 17 + -11. Calculate i(p).
-4
Suppose -334 = 57*w - 1360. Let z(u) = -2*u + 34. Determine z(w).
-2
Let r = 2335 - 2331. Let h(c) = c**2 - 7*c + 6. Give h(r).
-6
Let n be (-3)/7 + 50/35. Suppose 0 = s + 4*y - 2, 0 = s + 2*y - 3 + n. Let t(a) = a + 2*a - 6*a + s*a - 1. Calculate t(-5).
4
Let l(x) = x + 3. Let w be l(3). Let b(g) = g + 1. Let r(f) = 5*f + 12. Let k(j) = w*b(j) - r(j). Determine k(-7).
-13
Let a(f) = -4*f**3 - 15*f**2 + f + 5. Let y(s) = -3*s**3 - 10*s**2 + s + 4. Let x(d) = -5*a(d) + 7*y(d). Suppose 2*l - 2 - 8 = 0. What is x(l)?
13
Let o = 134 - 131. Let h(t) = o + 2*t + t + 3*t - 7*t. Give h(7).
-4
Suppose 26 = -21*v + 19*v. Let h(x) = -x**3 - 4*x**2 + 3*x + 2. Let t be h(-4). Let k = t - v. Let z(u) = -u**2 + 3*u - 4. Give z(k).
-4
Let c(u) = 2*u**3 + 14*u**2 - 12*u + 23. Let g be c(-8). Let z(i) = i**3 + 10*i**2 + 8*i - 6. Calculate z(g).
3
Let s be 7/((-14)/8) - -2. Let w(z) be the second derivative of z**3/3 + z**2/2 + 7*z. Calculate w(s).
-3
Suppose -x + 6 = x. Let g(y) = 5 - 6 + 0 + 7 - 5*y - 2. Give g(x).
-11
Let t(q) = 11*q - 12. Let m(u) = 21*u - 22. Let l(x) = -6*m(x) + 11*t(x). Determine l(-2).
10
Let d = -27 - -41. Let u(v) = 3*v - d - 2*v - 12 + 24. Give u(7).
5
Let x(y) = -y**2 + 6*y + 2. Let o be x(6). Let k(h) = 489*h + h**3 - 12 - o + h**2 - 490*h. Calculate k(0).
-14
Suppose -5*x - 3*h = 44, -3*x = 3*h + h + 33. Let n(k) = k + 6. Let w(b) = -b - 6. Let z(s) = 2*n(s) + 3*w(s). What is z(x)?
1
Let z(f) be the third derivative of f**7/840 - f**6/360 + 7*f**3/3 + 21*f**2. Let a(o) be the first derivative of z(o). Give a(1).
0
Let a(p) = -251 + 252 - 9*p + 2*p**2 - 5*p**2 + 10*p**2 + p**3. Calculate a(-8).
9
Let c(i) = i**3 + 2*i**2 + 2*i - 4. Let d(v) = -2*v**3 - 4*v**2 - 4*v + 7. Let g(q) = -7*c(q) - 4*d(q). Let b = -9 - -7. What is g(b)?
-4
Let j(q) = -8*q**3 - 57*q**2 - 26*q - 3. Let w(m) = 3*m**3 + 20*m**2 + 10*m + 1. Let h(o) = 4*j(o) + 11*w(o). What is h(8)?
47
Let h(o) = -2 - 9*o - 18 - 3*o. Let l(c) = -8